{"id":21,"date":"2016-02-01T18:31:23","date_gmt":"2016-02-01T17:31:23","guid":{"rendered":"https:\/\/henselundgretel.net\/?page_id=21"},"modified":"2018-09-10T18:42:04","modified_gmt":"2018-09-10T16:42:04","slug":"transporte","status":"publish","type":"page","link":"https:\/\/henselundgretel.net\/index.php\/transporte\/","title":{"rendered":"Transporte"},"content":{"rendered":"<h2>Dienstleistungsspektrum Transporte<\/h2>\n<p>Gerne \u00fcbernehmen wir Transporte f\u00fcr Sie. Durch langj\u00e4hrige Erfahrungen mit dem Transport von unterschiedlichsten Sachen und Gegenst\u00e4nden k\u00f6nnen wir einen reibungslosen und professionellen Ablauf gew\u00e4hrleisten. Von M\u00f6beln bis hin zu Autoteilen oder auch Inventar f\u00fcr kulturelle Veranstaltungen: Nichts, was wir nicht transportieren, was im Rahmen unserer M\u00f6glichkeiten liegt.<\/p>\n<h4>Kostenlose Erstbesichtigung, telefonisch oder nach Terminabsprache<\/h4>\n<ul>\n<li>Mengen- und Gegebenheitserfassung<\/li>\n<li>Beratung<\/li>\n<\/ul>\n<h4>Organisation<\/h4>\n<ul>\n<li>Beantragung der Halteverbotszonen (falls Ben\u00f6tigt)<\/li>\n<li>Lieferung von Kartons und Verpackungsmaterial<\/li>\n<li>Verpacken des Transportgutes<\/li>\n<\/ul>\n<h4>Transport<\/h4>\n<ul>\n<li>Aufnahme des Transportgutes<\/li>\n<li>Einladen in das Fahrzeug<\/li>\n<li>Bef\u00f6rderung zur Entladestelle<\/li>\n<li>Ausladen und ggf. Entfernung des Verpackunsgmaterials<\/li>\n<\/ul>\n<h4>Fachgerechte Entsorgung des Verpackungsmaterials<\/h4>\n","protected":false},"excerpt":{"rendered":"<div class=\"entry-summary\">\n<div class=\"entry-summary\">\nDienstleistungsspektrum Transporte Gerne \u00fcbernehmen wir Transporte f\u00fcr Sie. Durch langj\u00e4hrige Erfahrungen mit&hellip;\n<\/div>\n<div class=\"link-more\"><a href=\"https:\/\/henselundgretel.net\/index.php\/transporte\/\" class=\"more-link\">Continue reading<span class=\"screen-reader-text\"> &ldquo;Transporte&rdquo;<\/span>&hellip;<\/a><\/div>\n<\/div>\n<div class=\"link-more\"><a href=\"https:\/\/henselundgretel.net\/index.php\/transporte\/\" class=\"more-link\">Continue reading<span class=\"screen-reader-text\"> &ldquo;Transporte&rdquo;<\/span>&hellip;<\/a><\/div>\n","protected":false},"author":2,"featured_media":0,"parent":0,"menu_order":0,"comment_status":"closed","ping_status":"closed","template":"","meta":{"footnotes":""},"class_list":["post-21","page","type-page","status-publish","hentry","entry"],"_links":{"self":[{"href":"https:\/\/henselundgretel.net\/index.php\/wp-json\/wp\/v2\/pages\/21","targetHints":{"allow":["GET"]}}],"collection":[{"href":"https:\/\/henselundgretel.net\/index.php\/wp-json\/wp\/v2\/pages"}],"about":[{"href":"https:\/\/henselundgretel.net\/index.php\/wp-json\/wp\/v2\/types\/page"}],"author":[{"embeddable":true,"href":"https:\/\/henselundgretel.net\/index.php\/wp-json\/wp\/v2\/users\/2"}],"replies":[{"embeddable":true,"href":"https:\/\/henselundgretel.net\/index.php\/wp-json\/wp\/v2\/comments?post=21"}],"version-history":[{"count":12,"href":"https:\/\/henselundgretel.net\/index.php\/wp-json\/wp\/v2\/pages\/21\/revisions"}],"predecessor-version":[{"id":355,"href":"https:\/\/henselundgretel.net\/index.php\/wp-json\/wp\/v2\/pages\/21\/revisions\/355"}],"wp:attachment":[{"href":"https:\/\/henselundgretel.net\/index.php\/wp-json\/wp\/v2\/media?parent=21"}],"curies":[{"name":"wp","href":"https:\/\/api.w.org\/{rel}","templated":true}]}}