{"id":147,"date":"2018-06-12T12:14:26","date_gmt":"2018-06-12T10:14:26","guid":{"rendered":"https:\/\/henselundgretel.net\/?page_id=147"},"modified":"2018-08-12T20:57:44","modified_gmt":"2018-08-12T18:57:44","slug":"raeumungen","status":"publish","type":"page","link":"https:\/\/henselundgretel.net\/index.php\/raeumungen\/","title":{"rendered":"R\u00e4umungen"},"content":{"rendered":"<h2>Dienstleistungsspektrum R\u00e4umungen<\/h2>\n<h3>Ablauf:<\/h3>\n<h4>Kostenlose Erstbesichtigung nach Terminabsprache<\/h4>\n<ul>\n<li>Mengenerfassung<\/li>\n<li>Klassifikation der Abf\u00e4lle<\/li>\n<\/ul>\n<h4>Organisation<\/h4>\n<ul>\n<li>Beantragung der Halteverbotszonen (falls Ben\u00f6tigt)<\/li>\n<li>Containergestellung oder Direktbef\u00f6rderung durch uns<\/li>\n<\/ul>\n<h4>R\u00e4umung<\/h4>\n<ul>\n<li>Aufnahme des Sperrgutes \/ der Abf\u00e4lle, Sortierung des zu bef\u00f6rdernden Abfalles und Ber\u00e4umung der vereinbarten Fl\u00e4che<\/li>\n<li>Bef\u00f6rderung des Sperrgutes nach KrWG<\/li>\n<li>Besenreine \u00dcbergabe der ger\u00e4umten Fl\u00e4chen und Laufwege<\/li>\n<\/ul>\n<h4>Fachgerechte Entsorgung von Sperrgut, Elektroger\u00e4ten und sonstigen gef\u00e4hrlichen Abf\u00e4llen<\/h4>\n","protected":false},"excerpt":{"rendered":"<div class=\"entry-summary\">\n<div class=\"entry-summary\">\nDienstleistungsspektrum R\u00e4umungen Ablauf: Kostenlose Erstbesichtigung nach Terminabsprache Mengenerfassung Klassifikation der Abf\u00e4lle Organisation&hellip;\n<\/div>\n<div class=\"link-more\"><a href=\"https:\/\/henselundgretel.net\/index.php\/raeumungen\/\" class=\"more-link\">Continue reading<span class=\"screen-reader-text\"> &ldquo;R\u00e4umungen&rdquo;<\/span>&hellip;<\/a><\/div>\n<\/div>\n<div class=\"link-more\"><a href=\"https:\/\/henselundgretel.net\/index.php\/raeumungen\/\" class=\"more-link\">Continue reading<span class=\"screen-reader-text\"> &ldquo;R\u00e4umungen&rdquo;<\/span>&hellip;<\/a><\/div>\n","protected":false},"author":2,"featured_media":0,"parent":0,"menu_order":0,"comment_status":"closed","ping_status":"closed","template":"","meta":{"footnotes":""},"class_list":["post-147","page","type-page","status-publish","hentry","entry"],"_links":{"self":[{"href":"https:\/\/henselundgretel.net\/index.php\/wp-json\/wp\/v2\/pages\/147","targetHints":{"allow":["GET"]}}],"collection":[{"href":"https:\/\/henselundgretel.net\/index.php\/wp-json\/wp\/v2\/pages"}],"about":[{"href":"https:\/\/henselundgretel.net\/index.php\/wp-json\/wp\/v2\/types\/page"}],"author":[{"embeddable":true,"href":"https:\/\/henselundgretel.net\/index.php\/wp-json\/wp\/v2\/users\/2"}],"replies":[{"embeddable":true,"href":"https:\/\/henselundgretel.net\/index.php\/wp-json\/wp\/v2\/comments?post=147"}],"version-history":[{"count":4,"href":"https:\/\/henselundgretel.net\/index.php\/wp-json\/wp\/v2\/pages\/147\/revisions"}],"predecessor-version":[{"id":258,"href":"https:\/\/henselundgretel.net\/index.php\/wp-json\/wp\/v2\/pages\/147\/revisions\/258"}],"wp:attachment":[{"href":"https:\/\/henselundgretel.net\/index.php\/wp-json\/wp\/v2\/media?parent=147"}],"curies":[{"name":"wp","href":"https:\/\/api.w.org\/{rel}","templated":true}]}}